ime factors of 1253932.
2, 131, 2393
What are the prime factors of 5485693?
89, 61637
List the prime factors of 641317.
641317
What are the prime factors of 14833352?
2, 1303, 1423
List the prime factors of 21741470.
2, 5, 17, 7523
What are the prime factors of 209839?
7, 31, 967
What are the prime factors of 21150387?
3, 2350043
List the prime factors of 6921845.
5, 7, 197767
List the prime factors of 2912857.
617, 4721
What are the prime factors of 299074?
2, 229, 653
List the prime factors of 1341012.
2, 3, 111751
List the prime factors of 17599069.
17599069
List the prime factors of 1749799.
43, 40693
List the prime factors of 3141369.
3, 7, 11, 1511
What are the prime factors of 742486?
2, 23, 16141
List the prime factors of 22959254.
2, 11479627
What are the prime factors of 5465587?
41, 109, 1223
List the prime factors of 6323304.
2, 3, 13, 1559
List the prime factors of 1272669.
3, 424223
What are the prime factors of 1990922?
2, 995461
List the prime factors of 12095.
5, 41, 59
List the prime factors of 3072341.
751, 4091
What are the prime factors of 6438286?
2, 967, 3329
What are the prime factors of 120636?
2, 3, 1117
List the prime factors of 3414945.
3, 5, 227663
List the prime factors of 58012.
2, 14503
What are the prime factors of 5182?
2, 2591
List the prime factors of 14952615.
3, 5, 996841
List the prime factors of 7079548.
2, 7, 17, 107, 139
List the prime factors of 2302107.
3, 29, 47, 563
What are the prime factors of 3525720?
2, 3, 5, 11, 2671
List the prime factors of 26385.
3, 5, 1759
What are the prime factors of 972088?
2, 13, 719
List the prime factors of 2657.
2657
What are the prime factors of 109225?
5, 17, 257
What are the prime factors of 27769201?
181, 153421
What are the prime factors of 2791357?
2791357
List the prime factors of 250140.
2, 3, 5, 11, 379
List the prime factors of 23524.
2, 5881
List the prime factors of 2390774.
2, 1195387
List the prime factors of 17865302.
2, 7, 13, 37, 379
List the prime factors of 669593.
661, 1013
List the prime factors of 919946.
2, 73, 6301
List the prime factors of 222815.
5, 44563
List the prime factors of 122794.
2, 7, 179
List the prime factors of 110452.
2, 53, 521
List the prime factors of 154482.
2, 3, 25747
List the prime factors of 490486.
2, 103, 2381
List the prime factors of 19927811.
19927811
What are the prime factors of 7761938?
2, 311, 12479
What are the prime factors of 451770?
2, 3, 5, 11, 37
What are the prime factors of 11807?
11807
List the prime factors of 51529.
227
List the prime factors of 182164.
2, 45541
List the prime factors of 285277.
17, 97, 173
List the prime factors of 808289.
23, 113, 311
List the prime factors of 606193.
7, 86599
What are the prime factors of 382752?
2, 3, 443
List the prime factors of 227307.
3, 17, 4457
List the prime factors of 694484.
2, 7, 17, 1459
List the prime factors of 1601169.
3, 533723
List the prime factors of 872424.
2, 3, 7, 577
What are the prime factors of 2014318?
2, 31, 53, 613
List the prime factors of 1144293.
3, 67, 5693
List the prime factors of 142962.
2, 3, 23827
List the prime factors of 125026.
2, 11, 5683
List the prime factors of 444949.
47, 9467
List the prime factors of 4223686.
2, 2111843
List the prime factors of 934087.
7, 11, 1733
List the prime factors of 2113109.
2113109
List the prime factors of 10959760.
2, 5, 7, 19571
What are the prime factors of 904653?
3, 100517
List the prime factors of 8683657.
8683657
What are the prime factors of 1159309?
887, 1307
List the prime factors of 431192.
2, 53899
What are the prime factors of 1049592?
2, 3, 101, 433
List the prime factors of 67326.
2, 3, 7, 229
What are the prime factors of 511602?
2, 3, 7, 13, 937
What are the prime factors of 305196?
2, 3, 29, 877
List the prime factors of 1944774.
2, 3, 13, 8311
What are the prime factors of 902375?
5, 7219
List the prime factors of 17822523.
3, 5940841
What are the prime factors of 6186359?
6186359
List the prime factors of 319471.
167, 1913
List the prime factors of 109662.
2, 3, 7, 373
What are the prime factors of 1318568?
2, 164821
List the prime factors of 18264286.
2, 9132143
List the prime factors of 657944.
2, 7, 31, 379
What are the prime factors of 3793985?
5, 13, 58369
What are the prime factors of 1074174?
2, 3, 179029
What are the prime factors of 3746544?
2, 3, 89, 877
What are the prime factors of 1873184?
2, 58537
List the prime factors of 1197030.
2, 3, 5, 39901
What are the prime factors of 891904?
2, 13, 67
What are the prime factors of 6223019?
11, 349, 1621
What are the prime factors of 1365206?
2, 223, 3061
What are the prime factors of 5213595?
3, 5, 503, 691
List the prime factors of 601040.
2, 5, 11, 683
What are the prime factors of 6640242?
2, 3, 7, 37, 4273
What are the prime factors of 284230?
2, 5, 43, 661
What are the prime factors of 409138?
2, 31, 6599
List the prime factors of 607916.
2, 379, 401
List the prime factors of 730161.
3, 27043
What are the prime factors of 142751?
7, 20393
List the prime factors of 14744670.
2, 3, 5, 491489
List the prime factors of 1667323.
7, 4861
What are the prime factors of 92068?
2, 23017
List the prime factors of 447781.
197, 2273
List the prime factors of 10196570.
2, 5, 1019657
What are the prime factors of 2901581?
757, 3833
What are the prime factors of 5743977?
3, 17, 41, 67
What are the prime factors of 185848?
2, 13, 1787
List the prime factors of 7996.
2, 1999
List the prime factors of 3729694.
2, 1864847
What are the prime factors of 5853445?
5, 13, 90053
What are the prime factors of 11510780?
2, 5, 373, 1543
What are the prime factors of 14454559?
7, 294991
What are the prime factors of 35520?
2, 3, 5, 37
What are the prime factors of 1852562?
2, 53, 17477
What are the prime factors of 6675171?
3, 2225057
What are the prime factors of 178617?
3, 59539
List the prime factors of 2611442.
2, 107, 12203
List the prime factors of 20806348.
2, 1093, 4759
What are the prime factors of 9550321?
11, 868211
What are the prime factors of 575758?
2, 479, 601
List the prime factors of 124368.
2, 3, 2591
List the prime factors of 489670.
2, 5, 23, 2129
List the prime factors of 624991.
31, 20161
What are the prime factors of 1002551?
11, 91141
List the prime factors of 3501108.
2, 3, 13, 7481
List the prime factors of 217286.
2, 108643
List the prime factors of 194632.
2, 24329
List the prime factors of 20329121.
20329121
What are the prime factors of 478874?
2, 11, 21767
What are the prime factors of 4626061?
11, 420551
List the prime factors of 144090.
2, 3, 5, 1601
What are the prime factors of 773505?
3, 5, 17189
What are the prime factors of 1283344?
2, 80209
What are the prime factors of 478064?
2, 29879
List the prime factors of 291090.
2, 3, 5, 31, 313
List the prime factors of 15037102.
2, 521, 14431
What are the prime factors of 2253649?
2253649
List the prime factors of 1176171.
3, 31, 12647
What are the prime factors of 17725701?
3, 7, 37, 3259
What are the prime factors of 4652376?
2, 3, 149, 1301
What are the prime factors of 9677944?
2, 739, 1637
List the prime factors of 1571751.
3, 23, 2531
List the prime factors of 952040.
2, 5, 23801
What are the prime factors of 424854?
2, 3, 23603
What are the prime factors of 287269?
287269
List the prime factors of 3592174.
2, 41, 71, 617
What are the prime factors of 246129?
3, 13, 6311
What are the prime factors of 118888?
2, 7, 11, 193
List the prime factors of 3302579.
7, 463, 1019
List the prime factors of 31503585.
3, 5, 2100239
What are the prime factors of 352238?
2, 53, 3323
List the prime factors of 3513256.
2, 439157
What are the prime factors of 321406?
2, 271, 593
What are the prime factors of 193847?
193847
List the prime factors of 4667489.
109, 42821
List the prime factors of 463056.
2, 3, 11, 877
What are the prime factors of 128885?
5, 149, 173
What are the prime factors of 4488048?
2, 3, 3463
List the prime factors of 14623513.
14623513
What are the prime factors of 12495073?
12495073
List the prime factors of 16401697.
13, 31, 40699
List the prime factors of 4052.
2, 1013
List the prime factors of 1006825.
5, 17, 23, 103
List the prime factors of 298722.
2, 3, 49787
List the prime factors of 440013.
3, 7, 23, 911
What are the prime factors of 